02995266?
2
What is the units digit of 151358361?
1
What is the billions digit of 1763024463?
1
What is the thousands digit of 134931259?
1
What is the hundred millions digit of 109715868?
1
What is the billions digit of 2737064441?
2
What is the tens digit of 70985491?
9
What is the ten millions digit of 225469237?
2
What is the hundred thousands digit of 2376021541?
0
What is the millions digit of 37084287?
7
What is the millions digit of 22219795?
2
What is the billions digit of 1002758402?
1
What is the hundred thousands digit of 1621355570?
3
What is the hundreds digit of 1670128362?
3
What is the hundred thousands digit of 161977653?
9
What is the millions digit of 3825311485?
5
What is the ten thousands digit of 2209188272?
8
What is the hundred millions digit of 137158266?
1
What is the thousands digit of 743695045?
5
What is the ten thousands digit of 3444531951?
3
What is the hundreds digit of 129725741?
7
What is the hundreds digit of 65781341?
3
What is the thousands digit of 44356556?
6
What is the ten millions digit of 52628803?
5
What is the hundred thousands digit of 1278471718?
4
What is the thousands digit of 100433367?
3
What is the hundreds digit of 88366586?
5
What is the tens digit of 35678032?
3
What is the units digit of 56336649?
9
What is the ten millions digit of 87273642?
8
What is the hundreds digit of 2858444172?
1
What is the tens digit of 30132934?
3
What is the thousands digit of 100097919?
7
What is the ten millions digit of 84665936?
8
What is the hundred thousands digit of 33930600?
9
What is the hundred thousands digit of 3092368847?
3
What is the thousands digit of 2658597770?
7
What is the hundreds digit of 4902937?
9
What is the ten thousands digit of 10813923?
1
What is the ten millions digit of 2239722864?
3
What is the tens digit of 195950018?
1
What is the units digit of 17222959?
9
What is the tens digit of 641019782?
8
What is the ten millions digit of 175991125?
7
What is the ten millions digit of 1118847071?
1
What is the tens digit of 2394213547?
4
What is the thousands digit of 1176674478?
4
What is the hundreds digit of 3565508739?
7
What is the tens digit of 330486739?
3
What is the tens digit of 44097692?
9
What is the tens digit of 4155204930?
3
What is the ten thousands digit of 4550736480?
3
What is the millions digit of 105838762?
5
What is the ten millions digit of 14822775?
1
What is the ten thousands digit of 701151267?
5
What is the billions digit of 4492191170?
4
What is the hundred thousands digit of 1780057?
7
What is the hundreds digit of 79967374?
3
What is the tens digit of 443985436?
3
What is the ten millions digit of 299707971?
9
What is the millions digit of 419435698?
9
What is the hundred thousands digit of 104627069?
6
What is the thousands digit of 351353163?
3
What is the thousands digit of 48219950?
9
What is the ten thousands digit of 51337963?
3
What is the thousands digit of 546428300?
8
What is the ten millions digit of 6835141797?
3
What is the units digit of 73112374?
4
What is the hundreds digit of 21615109?
1
What is the units digit of 122094092?
2
What is the units digit of 2802194004?
4
What is the millions digit of 13408330?
3
What is the thousands digit of 32004793?
4
What is the hundreds digit of 183419722?
7
What is the hundred thousands digit of 187246485?
2
What is the ten millions digit of 2041251354?
4
What is the ten thousands digit of 641116710?
1
What is the hundred thousands digit of 429777277?
7
What is the ten thousands digit of 602100021?
0
What is the tens digit of 9665939?
3
What is the ten millions digit of 570675340?
7
What is the ten millions digit of 1060171437?
6
What is the units digit of 48317479?
9
What is the thousands digit of 174358197?
8
What is the hundreds digit of 354163610?
6
What is the billions digit of 1063238915?
1
What is the tens digit of 715547006?
0
What is the ten millions digit of 49177440?
4
What is the ten millions digit of 2265982516?
6
What is the hundreds digit of 150396757?
7
What is the millions digit of 5022912757?
2
What is the units digit of 3670849706?
6
What is the ten thousands digit of 307972120?
7
What is the units digit of 84566333?
3
What is the hundred thousands digit of 165457439?
4
What is the tens digit of 106395656?
5
What is the tens digit of 196343944?
4
What is the units digit of 600673110?
0
What is the ten thousands digit of 48854152?
5
What is the tens digit of 1449029122?
2
What is the hundred millions digit of 2161142403?
1
What is the tens digit of 4182433318?
1
What is the units digit of 90785511?
1
What is the hundred millions digit of 112747589?
1
What is the ten millions digit of 10591886?
1
What is the ten thousands digit of 519636786?
3
What is the ten thousands digit of 11166991?
6
What is the units digit of 52855617?
7
What is the billions digit of 2188368170?
2
What is the ten millions digit of 5653674061?
5
What is the ten millions digit of 1482642879?
8
What is the millions digit of 96977580?
6
What is the ten millions digit of 1606545343?
0
What is the ten millions digit of 678432402?
7
What is the units digit of 3795418101?
1
What is the units digit of 891204253?
3
What is the hundred millions digit of 142390863?
1
What is the tens digit of 3202602930?
3
What is the tens digit of 242560732?
3
What is the thousands digit of 1223178801?
8
What is the ten thousands digit of 7629736217?
3
What is the hundred thousands digit of 250147054?
1
What is the ten thousands digit of 144537651?
3
What is the millions digit of 1083622666?
3
What is the millions digit of 4233798827?
3
What is the thousands digit of 4168890316?
0
What is the millions digit of 44730916?
4
What is the thousands digit of 42590457?
0
What is the ten thousands digit of 48565957?
6
What is the ten thousands digit of 283833174?
3
What is the thousands digit of 3258406497?
6
What is the hundred thousands digit of 465772784?
7
What is the hundreds digit of 4708355819?
8
What is the hundred thousands digit of 202672467?
6
What is the thousands digit of 479755417?
5
What is the hundred millions digit of 208096623?
2
What is the tens digit of 3064008527?
2
What is the ten thousands digit of 148688126?
8
What is the hundred thousands digit of 248360949?
3
What is the hundred millions digit of 600297098?
6
What is the hundreds digit of 54178870?
8
What is the thousands digit of 39550232?
0
What is the millions digit of 1782047139?
2
What is the billions digit of 1250909356?
1
What is the hundred millions digit of 111347806?
1
What is the millions digit of 77762850?
7
What is the ten millions digit of 10420451?
1
What is the thousands digit of 263212853?
2
What is the units digit of 37434547?
7
What is the units digit of 2048753275?
5
What is the units digit of 148509520?
0
What is the units digit of 58756957?
7
What is the thousands digit of 2897500589?
0
What is the tens digit of 637856036?
3
What is the hundred millions digit of 4753953784?
7
What is the thousands digit of 65226483?
6
What is the ten millions digit of 153917066?
5
What is the tens digit of 30729993?
9
What is the units digit of 27886431?
1
What is the hundred thousands digit of 38419433?
4
What is the millions digit of 399159544?
9
What is the hundred millions digit of 399055269?
3
What is the hundred millions digit of 308262830?
3
What is the millions digit of 34362961?
4
What is the ten millions digit of 123638183?
2
What is the ten millions digit of 761905088?
6
What is the tens digit of 565002437?
3
What is the units digit of 708918471?
1
What is the hundred millions digit of 726395917?
7
What is the ten millions digit of 4068481178?
6
What is the units digit of 1832385417?
7
What is the thousands digit of 58588340?
8
What is the millions digit of 27518643?
7
What is the hundred thousands digit of 49254506?
2
What is the thousands digit of 1700740789?
0
What is the hundred millions digit of 989467326?
9
What is the tens digit of 9490272?
7
What is the hundred thousands digit of 3560898?
5
What is the millions digit of 127684680?
7
What is the hundreds digit of 7908723?
7
What is the tens digit of 48146168?
6
What is the ten millions digit of 18865502?
1
What is the hundred millions digit of 1059418748?
0
What is the tens digit of 7665404073?
